pose -17*t + c*t = -296. Is t a prime number?
False
Let q(z) be the first derivative of -z - 15. Let g(p) = 145*p + 24. Let w(b) = g(b) - 4*q(b). Is w(5) composite?
True
Suppose 0 = 10*u - 8*u - 20. Is 4/u - 54/(-60)*11874 a composite number?
False
Let p(t) = -t**3 + 4*t**2 + 5. Let z be p(4). Suppose -3*h - 2*o = -0*h - 187, -3*h + z*o + 215 = 0. Suppose 851 = -64*g + h*g. Is g a composite number?
True
Let x(g) = 328*g**2 - 9*g + 29. Let k be x(3). Let r = 5781 - k. Is r a prime number?
False
Let t(a) be the second derivative of 11/2*a**2 + 16/3*a**4 + 2*a + 1/3*a**3 + 0. Is t(-5) prime?
True
Suppose -2506 - 728 = -3*m. Suppose -616 - 902 = 2*v. Let a = v + m. Is a a composite number?
True
Let p(t) = 263*t + 11. Let f(y) = y. Let o(k) = -4*f(k) + p(k). Is o(24) composite?
True
Let r be 25/(-2)*(-16)/10. Suppose 0*j = 4*j - r. Suppose -j*z + 3126 + 39 = 0. Is z a prime number?
False
Let h = 18 + -3. Let r be 2 + (19 - 18 - (-4)/2). Is 2 - 11/r - (-20538)/h a prime number?
False
Let y = -97 + 56. Let d = 44 + y. Suppose 4*g + 5*h = 5118, -3 + 9 = d*h. Is g a composite number?
False
Let h(n) = 5*n**3 - 7*n**2 - 2*n + 12. Let k be h(7). Is (2/2)/(-1) + k prime?
False
Let v(s) = 67*s**2 - 4*s + 20. Let l(w) = 67*w**2 - 3*w + 17. Let t(o) = 3*l(o) - 2*v(o). Is t(7) a composite number?
True
Suppose 4*x + z = 624362, 0 = 2*x - 2*z - 335962 + 23796. Is x a prime number?
True
Let p = 2360761 - 1316314. Is p composite?
True
Let o = 496 - 2024. Let c = -887 - o. Is c a prime number?
True
Is (-2 - 5/(-4))/((-198)/1200408) composite?
False
Let p be (2 - 5)*5/(45/6). Let i be (5 - 4) + (-1 - 0 - p). Suppose -295 = -2*k - 3*g, -i*k - g + 174 + 123 = 0. Is k a composite number?
False
Let p(y) = 29 - 18*y - 23*y**2 + 0 - y**3 + 45*y**2. Let g be p(21). Suppose 2*t + g = h + t, h = -t + 102. Is h prime?
True
Let d(w) = 331*w**2 - 8*w + 9. Let a be d(1). Let z = -153 + a. Is z prime?
True
Let b = 20 - -6. Suppose 0 = 3*r - b - 1012. Suppose 70 = -4*i + r. Is i a prime number?
False
Suppose -62*a = -917579 - 3725849. Is a a prime number?
False
Suppose 5*j = -390*h + 395*h + 289355, 0 = 2*j - 4*h - 115750. Is j composite?
True
Let u(c) = 10*c + 74. Let o be u(-6). Let p(s) = 43*s + 33. Is p(o) a prime number?
False
Suppose -16*z + 2*m + 507364 + 1280620 = 0, -3*z - 5*m = -335247. Is z a prime number?
False
Suppose -88 = -2*m - 62. Let q = m + -9. Is -1 + 554 - q - -4 prime?
False
Suppose -59*q + 102*q = 5782253. Is q prime?
True
Is (-2757600)/(-18) - (3 + 6) composite?
False
Let b be 1/(-3) - 26228/(-6). Let g = -11128 - -11133. Suppose g*r + 4158 = 2*z, 4*z + b = -3*r + 12635. Is z composite?
False
Let w = 842 + 22001. Suppose -w - 30989 = -24*k. Is k a prime number?
True
Let h be (747/(-2))/(0 + 1/(-2)). Suppose 9*g + h - 6444 = 0. Is g composite?
True
Let h be (-28)/(-7) - (-2 + (3 - -1)). Is h*(-4 - (36633/(-6) + 0)) a prime number?
True
Let i = -212483 - -471034. Is i a prime number?
True
Suppose -5*p + 22664 = -m, -4*m - 713 = 2*p - 9783. Let b = 8246 - p. Is b composite?
True
Suppose -9*i + 6*i + 303 = v, -4*i = -4*v - 404. Is -58*(-1 - i/2) a prime number?
False
Let y(j) = -19892*j - 2283. Is y(-19) composite?
True
Let z = -113329 + 216602. Is z a composite number?
True
Let l = 653 + -697. Let c(h) = -2*h**2 - 106*h - 115. Is c(l) a prime number?
True
Let t = -92 + 115. Let z = -96 - t. Let f = z + 222. Is f composite?
False
Let b(f) = -8*f**3 + 8*f**2 + 11*f - 8. Let a = 511 - 520. Is b(a) composite?
False
Suppose c - 2*c - 7 = 0. Let o be c/28 + 75/12. Let k = 13 + o. Is k a prime number?
True
Suppose -123*l - 4*c = -122*l - 11331, 2*c + 10 = 0. Is l a composite number?
False
Let g(f) = 11*f**2 - 2*f + 3. Let v = 4 - 4. Suppose 28*i - 27*i + 4 = v. Is g(i) a prime number?
False
Let b = 69549 - 45968. Is b a composite number?
False
Suppose -64*p + 10630 = -26042. Suppose 3*c - 3*s - 832 = c, 5*c - 5*s = 2070. Suppose -n = -c - p. Is n composite?
False
Let d = 251 + 65. Suppose -r = -4*v + 1008, 4*r = -2*v + d + 170. Is v prime?
True
Let l = 47 + -42. Suppose 0 = 2*n - 5*w - 10, 3*n = -3*w + l*w + 37. Suppose -n*s + 12*s = -2103. Is s a prime number?
True
Suppose 0 = 5*z - 9*z - 5*z. Suppose -t = -z*t, 2*g - 8 = 3*t. Suppose g*i - 2128 = -4*b, 0 = -4*b + 2*i + 1423 + 675. Is b composite?
True
Let m(l) = 2767*l**2 - 79*l - 44. Let d(t) = 692*t**2 - 20*t - 11. Let w(u) = 9*d(u) - 2*m(u). Is w(-6) prime?
False
Let u(g) = -g + 24. Let y be u(22). Suppose -7 = -3*o + y. Suppose -o*a + 635 = i - 5*a, 1276 = 2*i - 2*a. Is i composite?
False
Let r(d) = 2*d**3 - d**2 + 4*d - 17. Let w be r(8). Suppose -s = v - w, 4*v + 252 = s - 738. Let j = s - 311. Is j prime?
False
Let h(z) = 578*z - 2. Let w be h(-2). Suppose -10 = 8*r - 138. Is w/(-4) - 8/r prime?
False
Is (6/(-42))/(32/(-5727008)) a prime number?
False
Let q(y) = -340*y + 447. Suppose -5*c + 3*u - 185 = 0, -19*c + 22*c + 4*u = -111. Is q(c) a prime number?
False
Let m(z) = z**3 - 91*z**2 + 230*z - 311. Is m(102) a prime number?
True
Let n = 3556 - 1382. Suppose 3*g - 3589 - n = 0. Is g a composite number?
True
Let j(m) = 240*m**2 + 15*m + 17. Is j(6) a composite number?
False
Is (-4)/((-66)/(-297) + (-266214)/1197477) a prime number?
True
Suppose 3*i + 1354 + 11252 = -2*j, 0 = 3*j + 9. Let l = -2309 - i. Is l prime?
False
Let p(l) = 54*l**2 + 3*l + 77. Suppose -11*y + 4 = -106. Is p(y) a prime number?
True
Let r(i) = 77*i - 64. Let j be r(22). Let a = j + -671. Is a a prime number?
False
Suppose 16 = -8*o + 12*o. Suppose -5*u - 5*b = -103845, -3*b = -o*u - 6*b + 83072. Is u composite?
True
Let x be (6 - 2)*-2*-821. Suppose a - 5*a = 5*s - x, 5*a = -3*s + 8197. Is a prime?
True
Let v(a) = 49*a - 4. Let p(i) = 48*i - 5. Suppose 0 = -2*f - 4*c - 18, -f - f + 2*c = 0. Let d(k) = f*v(k) + 2*p(k). Is d(-5) a prime number?
True
Let d(n) be the second derivative of -8*n**5/5 - n**4/12 - n**3 - 9*n**2/2 - 102*n. Is d(-4) a composite number?
True
Let s(w) = 2*w**3 - w**2 + 14*w - 38. Let c = -183 - -198. Is s(c) composite?
True
Let h(i) = i**2 + 16*i + 46. Let l be h(-14). Suppose -l*x = -36240 - 13134. Is x composite?
True
Let t(s) = s**3 + 6*s**2 - 5*s + 6. Let r be t(-7). Let z(y) = -4311*y - 18. Let u be z(r). Is 8/(-76) - u/(-38) prime?
True
Let d = 9 + -10. Is (d*5261)/((-21)/21) composite?
False
Let n(k) be the second derivative of -39*k**3/2 - 7*k**2 + 8*k. Let z(h) = -235*h - 27. Let o(d) = 7*n(d) - 3*z(d). Is o(-8) prime?
False
Let g(l) = 336*l**2 + 5*l - 14. Let h be g(3). Suppose 6*m - 47981 = h. Is m a prime number?
True
Let c be (9/6)/((-5)/(-10)). Let v be -2 + -5 + 120/15. Is 2/v + c - -8 a prime number?
True
Let l(n) = n**2 - 4*n + 7. Let w be l(2). Suppose 0 = -5*s - 2*t + 21465, -t + 12848 = w*s - 6*t. Is s a prime number?
False
Suppose 37*x - 3*s + 11 = 33*x, -2*s - 6 = 0. Let l(n) = 121*n**2 + 6*n + 16. Is l(x) a prime number?
True
Let l(z) = z**3 + 5*z**2 - 2*z. Let n be l(-8). Let f = n - 28. Let w = f + 361. Is w composite?
False
Let o = 15 - 11. Suppose 2*l - d - 4683 = 970, -11294 = -o*l - 2*d. Let k = l + -6. Is k composite?
False
Let r = -43322 - -72789. Let u = r + -18116. Is u prime?
True
Suppose -5*i + 25 = 0, -x + 2*i - 23930 = 4*x. Let y = x - -7110. Is y a composite number?
True
Let g be ((-132)/10)/((-15)/500). Let j = g - 48. Let q = j + -249. Is q a composite number?
True
Let i(o) = 311*o - 16. Let g(m) = 625*m - 31. Let f(v) = -3*g(v) + 5*i(v). Is f(-2) prime?
True
Let x be (13454/(-8))/(16/(-64)). Suppose -4*i = -2*i + 3*b - x, -3*i + 10092 = 3*b. Is i a prime number?
False
Let p(z) = -32508*z - 47. Is p(-2) composite?
False
Let c = -129591 + 234630. Is 1/(c/(-13131) - -8) a prime number?
True
Is 208130/(48 + -22) + -12 composite?
False
Let s(w) = -280*w - 65. Suppose -2*f + d - 20 = -10, -d - 18 = 2*f. Is s(f) a prime number?
False
Let v be 1*(263 - (2 - 6)). Let a = v + 64. Is a composite?
False
Suppose -36269518 + 6574119 = -47*m. Is m composite?
False
Let r = -234 - -246. Is (((-133329)/r)/(-7))/((-3)/(-12)) prime?
False
Suppose 567*i - 45 = 572*i. Is 5*261/i*3/(-5) prime?
False
Suppose -16026860 = -72*o - 813469 + 33660857. Is o prime?
True
Let d be 1/((-15)/(-5) + -5 + 1). Let m(z) = 296*z - 1. Let k be m(d). Is ((-2)/6*778)/(66/k) composite?
True
Let p(d) = d + 2. Let 